divided by t(6)?
0
Suppose 334*o = 337*o - 96. What is the remainder when 221 is divided by o?
29
Suppose -2*p = -5*w + 536, 2*w - 3*p = 6*w - 438. Calculate the remainder when w is divided by 22.
20
Suppose 0 = -4*f - h + 43, 3*h + 31 = 3*f + 5*h. What is the remainder when f is divided by 1?
0
Let v = -13 + 23. Suppose q - 3*h + 135 = 4*q, q - 37 = -3*h. Calculate the remainder when q is divided by v.
9
Let s(j) = -j**2 - 14*j - 14. Let o be s(-12). Suppose 9*t - o*t = -49. Calculate the remainder when t is divided by 10.
9
What is the remainder when (162/8)/(2/8) is divided by (75/(-1350))/((-2)/612)?
13
Let m = 71 - 47. Let p be 3/7 + (-108)/(-42). What is the remainder when (-819)/(-12) + p/4 is divided by m?
21
Let i(b) = -12*b. Let n(c) = -c**3 + 6*c**2 - 3*c + 3. Calculate the remainder when n(4) is divided by i(-1).
11
Let j(r) = r**3 + 3*r**2 - 5*r - 4. Let w = 76 + -58. Calculate the remainder when w is divided by j(-2).
8
Let s(t) be the second derivative of t**3/6 - 5*t**2/2 + 28*t. What is the remainder when 18 is divided by s(12)?
4
Suppose -9*z = 7*z - 832. What is the remainder when 99 is divided by z?
47
Suppose -q + 16 + 2 = 4*w, 10 = -5*q. Suppose -i + 3*v = -16, -4*i = -i - w*v - 60. What is the remainder when 49 is divided by i?
24
Suppose -z + 184 = 3*z. Suppose -u + 4*r + 7 = -7, 5*u - 2*r = 34. Suppose 6 + u = v. Calculate the remainder when z is divided by v.
10
Let x = 118 - 66. Let z(r) = -4*r - 6. Let f = 6 + -12. Calculate the remainder when x is divided by z(f).
16
Suppose 5*q - 795 = -2*g + 7*g, -3*q - 2*g = -492. Calculate the remainder when q is divided by 11.
8
Let p(n) = n**2 + 3*n + 1. Let k be p(-2). Let t = 27 + k. Suppose 3*i = i + t. Calculate the remainder when 48 is divided by i.
9
Suppose 14 = 4*h - 58. Suppose 3*l + 78 = o - 0*o, -5*o + 339 = 2*l. What is the remainder when o is divided by h?
15
Let h(y) = -8*y - 100. What is the remainder when 120 is divided by h(-17)?
12
Suppose 0 = -m - m + 74. Suppose 10*q - 15 = 7*q. Suppose q*k - 2*y = 95, 5 = k + 2*y - 14. What is the remainder when m is divided by k?
18
Suppose 5*b = 3*k + 15 - 4, b = -3*k + 13. Let g = 16 - -5. Let n = -19 + g. What is the remainder when b is divided by n?
0
Suppose -p + 22 = -4*z, 5*p - p + 2*z = 16. Calculate the remainder when 4/34 - ((-90)/(-2550))/(1/(-535)) is divided by p.
1
Let x(l) = 2*l**2 + 7*l + 4. Let k be x(-3). Calculate the remainder when 17 is divided by 4 - k*(4 + -5).
2
Suppose -5*o + 384 = -9*o. Let p = o - -141. Calculate the remainder when p is divided by 12.
9
Suppose -262 = -8*k + 106. Calculate the remainder when k is divided by 17.
12
Let f(v) = v**3 - 2*v**2 - 3*v - 8. Let x be f(6). Let z = x - 101. Calculate the remainder when 84 is divided by z.
16
Suppose 4*s = -i + 100, -5*s + 2*s + 2*i = -64. What is the remainder when 47 is divided by s?
23
Suppose -12*b - 264 = -16*b. Let a = -22 + b. What is the remainder when a is divided by 6?
2
Suppose 0 = -3*g + 2*k, -2*g + 0*g - 3*k = 0. Let m = 284 + g. Suppose 3*v - 234 = -3*c, -5*c + 3*v + m = -c. Calculate the remainder when c is divided by 19.
17
Suppose -181*t + 166*t = -360. What is the remainder when 67 is divided by t?
19
Suppose 2*s + 4 = 14. Suppose -q = 5*c - 43 + 11, 2*q + s*c - 69 = 0. Calculate the remainder when 26 is divided by q/5 + (-16)/40.
5
Let z be -1*(-3 - -2)*4. Suppose 0 = 3*f + 4*h - 18 - 14, 2*h = -4*f + 56. What is the remainder when ((-976)/40)/(z/(-10)) is divided by f?
13
Let w be (-30)/105 + 60/14. Suppose -4*k + o = w*o - 634, 2*o = 2*k - 324. What is the remainder when k is divided by 41?
37
Let g(b) = b**3 + 16*b**2 + 39*b + 13. Calculate the remainder when 15 is divided by g(-13).
2
Let c = -195 + 378. What is the remainder when c is divided by 48?
39
Suppose -4*b + 2*v = -2*b - 12, 5*b + 5*v + 10 = 0. Suppose -b*m + l + 42 = -l, 5*m - 97 = -3*l. What is the remainder when m is divided by 13?
7
Suppose -5*a = 2*m - 4*a - 49, 0 = m + 3*a - 32. What is the remainder when 157 is divided by m?
19
Let d = -185 + 229. What is the remainder when d is divided by 18?
8
Suppose -36 = -4*m + 4*s + 28, -2*s + 8 = 0. What is the remainder when 122 is divided by m?
2
Suppose y + f + 8 = 5*f, -y + 3*f - 5 = 0. Suppose -3*h = -37 - 38. What is the remainder when h is divided by y?
1
Suppose -4*z = -0*z - 20. Let d(x) = x**3 - 8*x**2 + 5*x - 1. Let v be d(8). Suppose -v + 144 = z*r. Calculate the remainder when 60 is divided by r.
18
Suppose 15*y = 12*y + 108. What is the remainder when y is divided by 23?
13
Suppose 6*h + 2*f - 603 = h, -4*f = -h + 125. Suppose -68 = -3*l + h. What is the remainder when l is divided by 13?
11
Let j(h) = 15*h + 170. What is the remainder when 39 is divided by j(-10)?
19
Let f(g) = -2*g**3 - 2*g**2 + g - 1. Let z be f(-3). Suppose -z = -3*q + 5*u + 168, -3*q + 2*u = -206. What is the remainder when q is divided by 12?
10
Suppose -8*s + 7*s = -2. Let v = -16 - s. Let j = -13 - v. What is the remainder when j is divided by 3?
2
Let c = 127 + -121. Calculate the remainder when 33 is divided by 1*11 - (-5 - (-18)/c).
7
Suppose -232 = -4*m - 5*u + 87, -5*m = 3*u - 402. Calculate the remainder when 150 is divided by m.
69
Suppose 0 = -2*s - 2*d + 136, -2*s + 0*s = -3*d - 146. Let n = s + -41. What is the remainder when n is divided by 10?
9
Suppose -4*x = -241 - 19. Let z = 281 + -270. What is the remainder when x is divided by z?
10
Suppose -385 = -3*u + 4*v, 41*v + 132 = u + 36*v. What is the remainder when u is divided by 3?
1
Let q(l) = -8*l - 37. Calculate the remainder when 73 is divided by q(-7).
16
Let f(b) = 21*b**3 + 1. Let u be f(-1). Let c be 3/(-2)*u/(-30). What is the remainder when 4 + (c + 69 - 1) is divided by 18?
17
Let w = 201 - 178. Calculate the remainder when w is divided by 3.
2
Let k(i) = -i**3 + i**2 + 4*i - 1. What is the remainder when (60/8)/(3/36) is divided by k(-3)?
21
Let p(b) = 11*b - 11. Let k be p(5). Let c = 52 - k. What is the remainder when 5*(1 + 0 + 5) is divided by c?
6
Let u(k) = 64*k**2 + 13*k + 28. What is the remainder when u(-2) is divided by 75?
33
Suppose 6480 = 23*y + 4*y. What is the remainder when y is divided by 82?
76
Let z = 2009 - 2000. Let y(w) = 8*w**2 - 2*w - 2. Calculate the remainder when y(2) is divided by z.
8
Suppose 0*n + 36 = 9*n. Let g = -40 + 70. Let q = g - 16. What is the remainder when q is divided by n?
2
Let l = -16 + 38. Let g(j) = j**3 - j**2 - 3*j + 3. Let r be g(5). Let p = r + -45. Calculate the remainder when p is divided by l.
21
Let h = -44 + 55. Suppose -h*o + o = -360. What is the remainder when 178 is divided by o?
34
Suppose -85*l + 45 = -80*l. Calculate the remainder when 25 is divided by l.
7
Let q = -1 - -6. Suppose -4*t - 4 = -5*g - 24, -t = -5*g - q. Suppose -6 = -3*j - 5*k + 31, -2*j + 2*k + 46 = 0. Calculate the remainder when j is divided by t.
4
What is the remainder when 195 is divided by (-21 - (4 - 7))*(-25)/15?
15
Let u = 15 - 3. Suppose -5*d = 15*d - 140. Calculate the remainder when u is divided by d.
5
Suppose r + 3*w + 0*w = 0, -1 = r + 4*w. Suppose r*p = -p + 152. Let y(h) = h**3 - 2*h**2 + 4. What is the remainder when p is divided by y(3)?
12
Let k be (6/4)/((-204)/(-544)). Suppose -540 = -3*c - 2*c. Suppose -c = -0*w - k*w. What is the remainder when w is divided by 10?
7
Suppose -o = -0*x + 5*x + 18, 20 = -5*x. Suppose 0 = o*f - 18 - 6. What is the remainder when 8/f + (-242)/(-6) is divided by 11?
8
Let t be 0 - (12*-1)/1. Let y = -9 + t. Suppose v + 2*j = 80, 98 = 4*v - y*v - 4*j. What is the remainder when v is divided by 22?
20
Let y = -1995 + 429. What is the remainder when y/(-10) + -2 + 28/70 is divided by 40?
35
Suppose -2*o + o + 44 = 0. Suppose -o - 67 = -3*h. Let v = h - 24. What is the remainder when 38 is divided by v?
12
Suppose 0 = 4*o - h - 504, 0 = -5*o - 4*h + 7*h + 623. Calculate the remainder when o is divided by 9.
1
Let i be (-15)/6*6/(-5). Calculate the remainder when (-1 + -19)/(1 - i) is divided by (2 + 7)/(3/2).
4
Let u be ((-130)/91)/((-2)/14). Let o(v) = v**2 - 8*v + 2. What is the remainder when 65 is divided by o(u)?
21
Suppose -u + 16 + 16 = -4*n, 4*u = 2*n + 86. Let g = 12 + -5. What is the remainder when u is divided by g?
6
Suppose 0 = -9*k + 1323 - 360. What is